 = -21*z**3 + z**2 + z. Let m be a(q). Calculate the highest common divisor of 147 and m.
21
Let x(z) = z**2 - 5*z + 5. Suppose 0 = 5*m + 25, 2*d - 2*m = -7*m - 13. Let b be x(d). Calculate the highest common factor of b and 77.
11
Suppose -2*h - 5*c = -122, h + 157 = 4*h + c. What is the greatest common divisor of h and 34?
17
Suppose 0*n + 2*n - 3 = -3*o, n = 0. Let l = 1 + o. Suppose 3 = g + 3*r, l*r - 7*r = -3*g + 79. Calculate the highest common divisor of g and 198.
18
Let t be (-108)/16*176/(-6). Let x = 28 + -6. What is the highest common divisor of t and x?
22
Suppose -5*z + 3*n = -228, -5*z = -3*n + 2*n - 236. What is the greatest common divisor of z and 120?
24
Let g be (1 - -1)*(-1 - -4). Let k(o) = -o**3 + 5*o**2. Let i be k(5). Suppose i = d + 5 - 20. What is the highest common divisor of g and d?
3
Let b be 0 + 3 + -2 - 17. Let x be (-81)/18*b/6. Let p = 19 - -5. What is the greatest common divisor of x and p?
12
Let l(p) = -p**2 + 19*p. Let i be l(15). Calculate the greatest common factor of 48 and i.
12
Suppose q - 22 - 1 = -2*h, 0 = 3*q + 5*h - 67. Suppose 36 + q = 5*w. Suppose -r + 4 = -w. Calculate the greatest common divisor of r and 30.
15
Suppose 155*d - 33 = 152*d. Calculate the highest common divisor of d and 1.
1
Suppose -2*r = -5*d - 126 + 15, 0 = 5*d - 15. What is the greatest common factor of r and 7?
7
Let c = 3 - -3. Suppose 0 = -r + 4*r - c. Suppose -r*a - 1 = -11. Calculate the greatest common divisor of 10 and a.
5
Let n = 62 - 55. Calculate the highest common factor of 77 and n.
7
Let i(j) = 9*j - 12. Let o be i(5). Calculate the greatest common factor of o and 22.
11
Suppose -13*m = -9*m - 208. Calculate the highest common divisor of m and 78.
26
Suppose -4*h + 9 + 23 = 0. Let r(c) = 5*c**2 + 5*c - 4. Let m = -6 + 2. Let q be r(m). What is the greatest common divisor of q and h?
8
Let v(p) = -p**3 + 3*p**2 + 2*p + 2. Suppose f = 3*y + 4*f + 18, 3*y - f + 2 = 0. Let x be v(y). What is the greatest common factor of x and 9?
9
Suppose -4*b - 91 = -17*b. What is the greatest common factor of b and 1?
1
Let t = -18 + 124. Suppose 3*m + 12 + 165 = 3*l, 2*l - t = -m. What is the highest common divisor of l and 22?
11
Suppose 0*w = -2*w + 24. Let c be ((-50)/2)/((-6)/w). What is the highest common divisor of 10 and c?
10
Suppose -3*s + 0*s - 12 = 0. Let l = s + 9. Suppose 3*o = 2*i + 22, 45 = l*o + i + 4*i. What is the highest common factor of o and 4?
4
Suppose 2*h + 4*c = 2, -3*h + 5*c + 43 = c. What is the highest common divisor of 27 and h?
9
Suppose 2*a - 608 = 5*q, 0 = 3*a - 3*q - 569 - 343. Let k = a - 172. Calculate the highest common divisor of k and 12.
12
Suppose 0*q - 5*q + 124 = y, q - y = 26. Suppose 5*p - 14 = 6. Suppose -2*c - p = -24. Calculate the greatest common divisor of q and c.
5
Let x = 8 + 28. What is the highest common divisor of x and 288?
36
Let x = 53 + 12. Suppose -2*b + 33 = -19. What is the highest common factor of b and x?
13
Let b = -45 + 28. Let j be (b/(-4) + -2)*12. What is the greatest common divisor of 9 and j?
9
Suppose -g - 299 = -5*u, 184 = 3*u + 5*g - g. Calculate the greatest common factor of u and 24.
12
Let t(p) = -p**2 - 17*p + 44. Let z be t(-19). What is the highest common divisor of z and 78?
6
Let h = 6 - 1. Suppose 3*l - m - 25 = -0*l, -h = -l + 2*m. What is the greatest common factor of l and 3?
3
Let q be -20 - (-4 - -2 - 0). Let j be 2/3 - 132/q. What is the greatest common factor of 12 and j?
4
Let i = 25 - 18. What is the greatest common divisor of i and 21?
7
Let m(v) be the second derivative of -1/3*v**3 + 3*v + 0 - 2*v**2. Let w be m(-6). Calculate the greatest common divisor of 48 and w.
8
Let n be 24/(-36)*(-117)/6. Let v(t) = 2*t**2 + 2*t + 1. Let c be v(2). Calculate the highest common divisor of c and n.
13
Let t be ((-6)/(-8))/((-16)/(-320)). What is the highest common factor of t and 3?
3
Suppose -5*r - 5 = -10*r. Suppose -b + r = -2*p + 26, -b = -5*p + 61. What is the highest common divisor of 36 and p?
12
Let c = 87 - -11. Let p be 30/2 - (0 + 1). What is the greatest common factor of c and p?
14
Let o(b) = -49*b + 7. Let t be o(-3). Suppose 5*i = 3*z + 397, -4*i + t = 4*z - 170. Let n = 74 + -42. What is the highest common divisor of i and n?
16
Let p be 0 + 28 + -5 - 4. What is the highest common divisor of p and 247?
19
Let g(b) = -82*b + 1. Let w be g(-2). What is the greatest common factor of 15 and w?
15
Let c = 1 - -3. Let k(l) = l**2 + 3. Let i be k(c). What is the highest common divisor of 76 and i?
19
Suppose 2*w - 2*o = 54, 0*w - 2*o + 66 = 3*w. What is the greatest common divisor of 36 and w?
12
Suppose -6*c + 25 = -c, 0 = -2*p + c + 95. Let n = 31 + -75. Let h = n + 64. What is the greatest common factor of p and h?
10
Let t = -89 + 133. What is the highest common divisor of t and 484?
44
Suppose 0*r = -5*r + 110. Calculate the greatest common divisor of 22 and r.
22
Let c = 127 + -92. Calculate the highest common divisor of 70 and c.
35
Suppose 3*i = 5*q - 14, 0*q + 12 = 4*i + q. Suppose m + 7 = 3*y - 7*y, -i*y = 4. What is the highest common divisor of m and 5?
1
Suppose 0 = 2*o - 10, 5*l - 3*o = -8*o + 525. Calculate the highest common divisor of 25 and l.
25
Let z = 2 + 3. Let b = -188 + 218. What is the highest common divisor of z and b?
5
Let w be (-4)/(-22) - (-583)/121. What is the greatest common factor of w and 25?
5
Let z(c) = 2*c**3 + 2*c**2. Let f be z(-2). Let i(x) = x**3 + 8*x**2 + 9. Let m be i(f). What is the highest common factor of 72 and m?
9
Suppose -5*x - c + 17 + 5 = 0, -2*c - 12 = -4*x. Suppose -t + 11 = -6*q + 3*q, t + x*q - 18 = 0. Calculate the greatest common divisor of t and 35.
7
Let f be 10*((-15)/6 + 2). Let z be f/(-15) - 56/(-3). Suppose b = -4*b + 380. What is the highest common divisor of b and z?
19
Let s = -13 + 43. Let j(h) = -h - 3. Let l be j(-3). Suppose 2*u - 6 - 6 = l. Calculate the greatest common divisor of s and u.
6
Suppose 4*w - 4*v + 12 = -8*v, 0 = -3*w - v - 9. Let l be ((-15)/w)/(1/5). Suppose 0 = -3*g + 6*g - 30. Calculate the greatest common divisor of g and l.
5
Let k(y) = 2*y**2 + 28*y + 25. Let s be k(-14). Calculate the highest common divisor of s and 15.
5
Let c = -15 - -23. Calculate the greatest common factor of 32 and c.
8
Let q(o) = 14*o**2 + 8*o - 8. Let b be q(6). Let r be b/18 - (-4)/(-18). Suppose 15 = a - r. Calculate the highest common factor of 18 and a.
9
Let g be -30*(1 + 21/(-15)). Let d be (9 - 0)/(9/g). Calculate the greatest common factor of d and 3.
3
Suppose 574 + 236 = 5*a. Let d be (-3)/((-14)/(-60) - 4/10). Calculate the highest common factor of a and d.
18
Let m be (-17 + -1)*(-6 - -3). Let z be m/2 + (-2)/(-2). What is the highest common factor of z and 4?
4
Let k be 3 + (-255)/(-9) - 3/9. Calculate the greatest common divisor of k and 279.
31
Let z(c) = 2*c - 10. Let l be z(8). Let y be (-1*l)/((-33)/22). What is the greatest common divisor of y and 36?
4
Let z(q) = q**3 + 3*q**2 - 2*q - 3. Let y be z(3). Suppose 0 = -s + 2*s - y. What is the greatest common factor of 18 and s?
9
Let c(f) be the first derivative of -f**4/4 - 13*f**3/3 - 3*f**2/2 - 19*f + 5. Let h be c(-13). What is the greatest common factor of 2 and h?
2
Let a be (-1)/(9/(-267)) - 1/(-3). What is the greatest common divisor of a and 135?
15
Suppose 5*w - 11 - 4 = 0. Let a be (3/w)/(1/111). Let t be -2*(-9)/(-6) + a. What is the greatest common factor of t and 12?
12
Let p = 12 + -5. Let i be 2/p + 524/28. Suppose 2*c - 41 = i. Calculate the highest common divisor of 10 and c.
10
Let g(r) = -2*r**3 - 4*r**2 + 4*r + 6. Let o be g(-4). Suppose -49 = -2*m + 5*l, -4*m + l = -m - o. Calculate the greatest common factor of m and 136.
17
Suppose 0 = 2*c + 4*n - 320, -c + 6*n = 5*n - 154. Calculate the highest common factor of c and 39.
39
Let j(u) = -4*u + 2. Let n be j(-3). Suppose z - 6 = 8. What is the greatest common divisor of n and z?
14
Let l be (-2)/(3/(-9)*2). Suppose 2*r + 4*w = -l*r + 92, 4*r + 4*w - 72 = 0. What is the greatest common factor of 50 and r?
10
Let c be 2/(-4) + (-369)/(-18) + 2. Let q = -73 - -106. Calculate the greatest common divisor of q and c.
11
Let b = 1 + -2. Let c be (b - 2)/(2/(-30)). What is the greatest common divisor of 5 and c?
5
Let k = 16 - -11. Su